{"id":38,"date":"2016-01-26T16:33:54","date_gmt":"2016-01-26T15:33:54","guid":{"rendered":"http:\/\/renard-toutfaire.fr\/?page_id=38"},"modified":"2016-02-10T06:05:21","modified_gmt":"2016-02-10T05:05:21","slug":"peinture-droguerie","status":"publish","type":"page","link":"http:\/\/renard-toutfaire.fr\/?page_id=38","title":{"rendered":"Peinture \/ Droguerie"},"content":{"rendered":"<p>Fort du dynamisme de notre rayon droguerie et peinture, nous avons r\u00e9organis\u00e9 cet espace afin de lui r\u00e9server un emplacement plus attractif.<br \/>\nGr\u00e2ce \u00e0 <strong>notre machine \u00e0 teinter<\/strong>, nous vous proposons une gamme de peinture compl\u00e8te bois, m\u00e9taux, sols, int\u00e9rieur ou ext\u00e9rieur avec un choix de couleur infini. La peinture professionnelle GORI offre une grande facilit\u00e9 d\u2019application, un tendu de qualit\u00e9 et une tenue dans le temps exceptionnelle. La lasure professionnelle HELIOTAN se d\u00e9cline en une vingtaine de teinte.<br \/>\nNotre rayon droguerie est compl\u00e9t\u00e9 avec les produits RIPOLIN ,BLANCHON (vernis, vitrificateurs, saturateur,\u2026), JULIEN,\u2026.<br \/>\nNos vendeurs sauront vous conseiller en professionnel et mettront toute leur exp\u00e9rience \u00e0 votre service afin de vous apporter satisfaction.<\/p>\n<div id=\"grid-gallery-3-90829\" data-gg-id=\"3\" data-title=\"DROGUERIE PEINTURE\" data-grid-type=\"0\" data-offset=\"6.3\" data-area-position=\"center\" data-icons=\"\" data-preloader=\"\" data-width=\"200\" data-height=\"200\" data-padding=\"0\" data-quicksand=\"disabled\" data-quicksand-duration=\"none\" data-popup-theme=\"theme_6\" data-popup-type=\"pretty-photo\" data-popup-image-text=\"title\" data-popup-widthsize=\"auto\" data-popup-heightsize=\"auto\" data-popup-i18n-words=\"{&quot;close&quot;:&quot;fermer&quot;,&quot;next&quot;:&quot;suivant&quot;,&quot;previous&quot;:&quot;pr\\u00e9c\\u00e9dent&quot;,&quot;start_slideshow&quot;:&quot;d\\u00e9marrer le diaporama&quot;,&quot;stop_slideshow&quot;:&quot;arr\\u00e9ter le diaporama&quot;,&quot;image&quot;:&quot;image&quot;,&quot;of&quot;:&quot;de&quot;,&quot;prev&quot;:&quot;pr\\u00e9c.&quot;,&quot;cExpand&quot;:&quot;Agrandir&quot;,&quot;cPrevious&quot;:&quot;Pr\\u00e9c\\u00e9dent&quot;,&quot;cNext&quot;:&quot;Suivant&quot;,&quot;cExpandStr&quot;:&quot;Agrandir l&#039;image&quot;,&quot;cRotate&quot;:&quot;Pivoter&quot;,&quot;cDetails&quot;:&quot;Details&quot;}\" data-popup-slideshow=\"true\" data-popup-slideshow-speed=\"2500\" data-popup-hoverstop=\"true\" data-popup-slideshow-auto=\"true\" data-popup-background=\"\" data-popup-transparency=\"30\" data-popup-disable-history=\"\" data-popup-disable-changed-url=\"\" data-popup-border-type=\"\" data-popup-border-color=\"\" data-popup-border-width=\"\" data-popup-border-enable=\"\" data-fullscreen=\"false\" data-hide-tooltip=\"false\" data-caption-font-family=\"Default\" data-caption-text-size=\"140\" data-is-mobile=\"0\" data-caption-mobile=\"false\" data-hide-long-tltp-title=\"0\" data-caption-disabled-on-mobile=\"false\" data-popup-placement-type=\"0\" data-social-sharing=\"{&quot;enabled&quot;:null,&quot;gallerySharing&quot;:{&quot;enabled&quot;:null,&quot;position&quot;:null},&quot;imageSharing&quot;:{&quot;enabled&quot;:null,&quot;wrapperClass&quot;:&quot; vertical &quot;},&quot;popupSharing&quot;:{&quot;enabled&quot;:null,&quot;wrapperClass&quot;:&quot; vertical &quot;}}\" class=\"grid-gallery grid-gallery-fixed \" style=\" width:140%; height:auto; margin-left:auto; margin-right:auto;position:relative;\"> <div class=\"gallery-loading\"> <div class=\"blocks\"> <div class=\"block\"><\/div> <div class=\"block\"><\/div> <div class=\"block\"><\/div> <div class=\"block\"><\/div> <\/div> <\/div> <div class=\"gallery-sharing-top\" style=\"display:none;\"> <\/div> <div id=\"photos-3\" class=\"grid-gallery-photos\"><FIGURE class=\"grid-gallery-caption\" data-grid-gallery-type=\"quarter-slide-up\" data-index=\"0\" style=\"display:none;border-radius:30;; margin:6.3px; width:2000;\" ><div class=\"crop\" style=\" width:2000; height:2000; overflow:hidden;\"><img decoding=\"async\" src=\"http:\/\/renard-toutfaire.fr\/wp-content\/uploads\/2016\/02\/094-200x200.jpg\" class=\"ggImg\" alt=\"094\" title=\"094\" data-description=\"094\" data-caption=\"094\" data-title=\"094\" style=\" width:200px; height:200px;\" \/><\/div><FIGCAPTION class=\"\" data-alpha=\"5\" style=\"color:#ffffff; background-color:#6f0000; font-size:140; text-align:left; font-family:Default;\" ><div class=\"grid-gallery-figcaption-wrap\" style=\"\"><\/div><\/FIGCAPTION><\/FIGURE><FIGURE class=\"grid-gallery-caption\" data-grid-gallery-type=\"quarter-slide-up\" data-index=\"1\" style=\"display:none;border-radius:30;; margin:6.3px; width:2000;\" ><div class=\"crop\" style=\" width:2000; height:2000; overflow:hidden;\"><img decoding=\"async\" src=\"http:\/\/renard-toutfaire.fr\/wp-content\/uploads\/2016\/02\/005-200x200.jpg\" class=\"ggImg\" alt=\"005\" title=\"005\" data-description=\"005\" data-caption=\"005\" data-title=\"005\" style=\" width:200px; height:200px;\" \/><\/div><FIGCAPTION class=\"\" data-alpha=\"5\" style=\"color:#ffffff; background-color:#6f0000; font-size:140; text-align:left; font-family:Default;\" ><div class=\"grid-gallery-figcaption-wrap\" style=\"\"><\/div><\/FIGCAPTION><\/FIGURE><FIGURE class=\"grid-gallery-caption\" data-grid-gallery-type=\"quarter-slide-up\" data-index=\"2\" style=\"display:none;border-radius:30;; margin:6.3px; width:2000;\" ><div class=\"crop\" style=\" width:2000; height:2000; overflow:hidden;\"><img decoding=\"async\" src=\"http:\/\/renard-toutfaire.fr\/wp-content\/uploads\/2016\/02\/001-200x200.jpg\" class=\"ggImg\" alt=\"001\" title=\"001\" data-description=\"001\" data-caption=\"001\" data-title=\"001\" style=\" width:200px; height:200px;\" \/><\/div><FIGCAPTION class=\"\" data-alpha=\"5\" style=\"color:#ffffff; background-color:#6f0000; font-size:140; text-align:left; font-family:Default;\" ><div class=\"grid-gallery-figcaption-wrap\" style=\"\"><\/div><\/FIGCAPTION><\/FIGURE><FIGURE class=\"grid-gallery-caption\" data-grid-gallery-type=\"quarter-slide-up\" data-index=\"3\" style=\"display:none;border-radius:30;; margin:6.3px; width:2000;\" ><div class=\"crop\" style=\" width:2000; height:2000; overflow:hidden;\"><img decoding=\"async\" src=\"http:\/\/renard-toutfaire.fr\/wp-content\/uploads\/2016\/02\/002-200x200.jpg\" class=\"ggImg\" alt=\"002\" title=\"002\" data-description=\"002\" data-caption=\"002\" data-title=\"002\" style=\" width:200px; height:200px;\" \/><\/div><FIGCAPTION class=\"\" data-alpha=\"5\" style=\"color:#ffffff; background-color:#6f0000; font-size:140; text-align:left; font-family:Default;\" ><div class=\"grid-gallery-figcaption-wrap\" style=\"\"><\/div><\/FIGCAPTION><\/FIGURE> <div class=\"grid-gallery-clearfix\"><\/div> <\/div> <div class=\"gallery-sharing-bottom\" style=\"display:none;\"> <\/div> <div class=\"gallery-sharing-image\" style=\"display:none;\"> <\/div> <div class=\"gallery-sharing-popup\" style=\"display:none;\"> <\/div> <div class=\"grid-gallery-clearfix\"><\/div> <\/div> <!-- Gallery by Supsystic plugin1.15.24 --><a title=\"Wordpress Photo Gallery\" style=\"display:none;\" href=\"https:\/\/supsystic.com\/plugins\/photo-gallery\/?utm_medium=love_link\" target=\"_blank\">Wordpress Photo Gallery<\/a>\n","protected":false},"excerpt":{"rendered":"<p>Fort du dynamisme de notre rayon droguerie et peinture, nous avons r\u00e9organis\u00e9 cet espace afin de lui r\u00e9server un emplacement plus attractif. Gr\u00e2ce \u00e0 notre machine \u00e0 teinter, nous vous proposons une gamme de peinture compl\u00e8te bois, m\u00e9taux, sols, int\u00e9rieur ou ext\u00e9rieur avec un choix de couleur infini. La peinture professionnelle GORI offre une grande [&hellip;]<\/p>\n","protected":false},"author":1,"featured_media":0,"parent":0,"menu_order":0,"comment_status":"closed","ping_status":"closed","template":"","meta":{"footnotes":""},"class_list":["post-38","page","type-page","status-publish","hentry"],"_links":{"self":[{"href":"http:\/\/renard-toutfaire.fr\/index.php?rest_route=\/wp\/v2\/pages\/38"}],"collection":[{"href":"http:\/\/renard-toutfaire.fr\/index.php?rest_route=\/wp\/v2\/pages"}],"about":[{"href":"http:\/\/renard-toutfaire.fr\/index.php?rest_route=\/wp\/v2\/types\/page"}],"author":[{"embeddable":true,"href":"http:\/\/renard-toutfaire.fr\/index.php?rest_route=\/wp\/v2\/users\/1"}],"replies":[{"embeddable":true,"href":"http:\/\/renard-toutfaire.fr\/index.php?rest_route=%2Fwp%2Fv2%2Fcomments&post=38"}],"version-history":[{"count":3,"href":"http:\/\/renard-toutfaire.fr\/index.php?rest_route=\/wp\/v2\/pages\/38\/revisions"}],"predecessor-version":[{"id":91,"href":"http:\/\/renard-toutfaire.fr\/index.php?rest_route=\/wp\/v2\/pages\/38\/revisions\/91"}],"wp:attachment":[{"href":"http:\/\/renard-toutfaire.fr\/index.php?rest_route=%2Fwp%2Fv2%2Fmedia&parent=38"}],"curies":[{"name":"wp","href":"https:\/\/api.w.org\/{rel}","templated":true}]}}