{"id":2,"date":"2016-01-20T15:25:21","date_gmt":"2016-01-20T14:25:21","guid":{"rendered":"http:\/\/renard-toutfaire.fr\/?page_id=2"},"modified":"2016-02-16T05:35:54","modified_gmt":"2016-02-16T04:35:54","slug":"page-d-exemple","status":"publish","type":"page","link":"http:\/\/renard-toutfaire.fr\/?page_id=2","title":{"rendered":"Historique"},"content":{"rendered":"<p>Pr\u00e9sent sur BLETTERANS depuis 3 g\u00e9n\u00e9rations, le n\u00e9goce RENARD a \u00e9t\u00e9 cr\u00e9\u00e9 par Arthur RENARD en <strong>1909<\/strong>.Ce fut d\u2019abord un commerce de bois, charbon, d\u2019engrais chimique et de mat\u00e9riaux.<\/p>\n<p>En 1947, ses 2 fils PIERRE et MARCEL RENARD reprennent l\u2019entreprise et d\u00e9veloppent le commerce de mat\u00e9riaux de construction.<\/p>\n<p>En 1982, les Ets RENARD quittent le centre ville pour s\u2019installer rue du Rondeau \u00e0 BLETTERANS pour donner un nouvel essor \u00e0 leur commerce\u00a0: construction d\u2019un entrep\u00f4t fonctionnel sur\u00a0\u00a0\u00a0\u00a0\u00a0\u00a0 \u00a0 \u00a0 \u00a0 \u00a0 \u00a0 \u00a0 \u00a0 \u00a0 \u00a0 un espace de 2500 m\u00b2.<\/p>\n<p>Les 3 fils de Pierre RENARD investissent dans la soci\u00e9t\u00e9 en 1984 et cr\u00e9ent la <strong>SARL RENARD PERE ET FILS<\/strong>. Ils \u00e9toffent la gamme de marchandises\u00a0: isolation, produits techniques, carrelages, am\u00e9nagement ext\u00e9rieurs\u2026<\/p>\n<p>Conscients qu\u2019il fallait \u00eatre tr\u00e8s comp\u00e9titif et r\u00e9actif, ils adh\u00e8rent \u00e0 l\u2019enseigne <strong>TOUT FAIRE MATERIAUX<\/strong> en 1994. Ce partenariat donne un nouvel \u00e9lan \u00e0 l\u2019entreprise et lui permet d\u2019\u00e9largir sa client\u00e8le.<\/p>\n<p>En 2001, Philippe RENARD reste le seul actionnaire de la Soci\u00e9t\u00e9. Il renforce les rayons bricolage, \u00e9lectricit\u00e9, plomberie, \u00e9lectro portatif , droguerie\u00a0; son n\u00e9goce devient aussi <strong>un magasin de bricolage<\/strong>. Il r\u00e9nove la fa\u00e7ade du d\u00e9p\u00f4t au couleur TOUT FAIRE.<\/p>\n<p>En 2010, le magasin est agrandit afin d\u2019\u00e9largir l\u2019offre et de pr\u00e9senter un show room menuiserie et carrelage.<\/p>\n<p>En 2015, la soci\u00e9t\u00e9 adh\u00e8re au concept <strong>LIGNE ET LUMIERE <\/strong>afin de r\u00e9pondre aux demandes croissantes de menuiserie, portail et escalier.<\/p>\n<p>&nbsp;<\/p>\n<p><strong>RENARD MATERIAUX<\/strong> est une entreprise familiale o\u00f9 la qualit\u00e9 d\u2019accueil et de conseil sont ses priorit\u00e9s. La prosp\u00e9rit\u00e9 de l\u2019entreprise est avant tout une affaire de personnes, notre entreprise s\u2019est entour\u00e9e d\u2019une \u00e9quipe comp\u00e9tente, dynamique et investie o\u00f9 le relationnel reste un atout majeur.<\/p>\n","protected":false},"excerpt":{"rendered":"<p>Pr\u00e9sent sur BLETTERANS depuis 3 g\u00e9n\u00e9rations, le n\u00e9goce RENARD a \u00e9t\u00e9 cr\u00e9\u00e9 par Arthur RENARD en 1909.Ce fut d\u2019abord un commerce de bois, charbon, d\u2019engrais chimique et de mat\u00e9riaux. En 1947, ses 2 fils PIERRE et MARCEL RENARD reprennent l\u2019entreprise et d\u00e9veloppent le commerce de mat\u00e9riaux de construction. En 1982, les Ets RENARD quittent le [&hellip;]<\/p>\n","protected":false},"author":1,"featured_media":0,"parent":0,"menu_order":0,"comment_status":"closed","ping_status":"open","template":"","meta":{"footnotes":""},"class_list":["post-2","page","type-page","status-publish","hentry"],"_links":{"self":[{"href":"http:\/\/renard-toutfaire.fr\/index.php?rest_route=\/wp\/v2\/pages\/2"}],"collection":[{"href":"http:\/\/renard-toutfaire.fr\/index.php?rest_route=\/wp\/v2\/pages"}],"about":[{"href":"http:\/\/renard-toutfaire.fr\/index.php?rest_route=\/wp\/v2\/types\/page"}],"author":[{"embeddable":true,"href":"http:\/\/renard-toutfaire.fr\/index.php?rest_route=\/wp\/v2\/users\/1"}],"replies":[{"embeddable":true,"href":"http:\/\/renard-toutfaire.fr\/index.php?rest_route=%2Fwp%2Fv2%2Fcomments&post=2"}],"version-history":[{"count":10,"href":"http:\/\/renard-toutfaire.fr\/index.php?rest_route=\/wp\/v2\/pages\/2\/revisions"}],"predecessor-version":[{"id":156,"href":"http:\/\/renard-toutfaire.fr\/index.php?rest_route=\/wp\/v2\/pages\/2\/revisions\/156"}],"wp:attachment":[{"href":"http:\/\/renard-toutfaire.fr\/index.php?rest_route=%2Fwp%2Fv2%2Fmedia&parent=2"}],"curies":[{"name":"wp","href":"https:\/\/api.w.org\/{rel}","templated":true}]}}